posite number?
False
Is 13913 a composite number?
False
Is 122651 a prime number?
True
Is 1050287 composite?
True
Is 54479 composite?
True
Is 8485 prime?
False
Is 64483 a composite number?
False
Is 271 prime?
True
Is 1309013 composite?
False
Is 658169 composite?
False
Is 627199 composite?
True
Is 53297 prime?
False
Is 148727 a composite number?
False
Is 1738873 prime?
True
Is 46454 a prime number?
False
Is 39857 prime?
True
Is 67391 prime?
True
Is 19531 a composite number?
False
Is 1258793 a composite number?
True
Is 2599 composite?
True
Is 35027 prime?
True
Is 2333 prime?
True
Is 1231111 composite?
True
Is 167071 a composite number?
False
Is 8639 a prime number?
False
Is 52489 a composite number?
False
Is 113591 prime?
True
Is 134153 a composite number?
False
Is 6589 a prime number?
False
Is 20017 a prime number?
False
Is 7313 prime?
False
Is 43293 composite?
True
Is 22823 prime?
False
Is 48839 a prime number?
False
Is 32117 prime?
True
Is 155489 composite?
True
Is 631 a prime number?
True
Is 3959755 composite?
True
Is 695605 a prime number?
False
Is 1307791 a prime number?
False
Is 27449 composite?
False
Is 201523 a prime number?
False
Is 589289 a prime number?
True
Is 8083 composite?
True
Is 114143 prime?
True
Is 19103 composite?
True
Is 23285 prime?
False
Is 988553 composite?
True
Is 157393 a composite number?
False
Is 620807 a prime number?
False
Is 12373 a prime number?
True
Is 6029 composite?
False
Is 23297 prime?
True
Is 352691 a composite number?
False
Is 3103 prime?
False
Is 213713 a composite number?
False
Is 100445 a prime number?
False
Is 141779 prime?
False
Is 645521 composite?
False
Is 3299 a prime number?
True
Is 4699 a composite number?
True
Is 46853 prime?
True
Is 1711537 a prime number?
False
Is 304345 prime?
False
Is 164545 prime?
False
Is 6017 prime?
False
Is 44009 prime?
False
Is 12643 composite?
True
Is 51833 prime?
False
Is 246629 composite?
True
Is 451187 a composite number?
True
Is 413 a prime number?
False
Is 39071 composite?
True
Is 312593 a composite number?
True
Is 70111 prime?
True
Is 9413 prime?
True
Is 47711 prime?
True
Is 1651 composite?
True
Is 39913 prime?
False
Is 18514 a composite number?
True
Is 47209 composite?
True
Is 176627 composite?
True
Is 55003 a composite number?
True
Is 1303 a composite number?
False
Is 17159 composite?
False
Is 779605 a composite number?
True
Is 45317 a prime number?
True
Is 1829 composite?
True
Is 33407 prime?
False
Is 204037 a composite number?
True
Is 284671 prime?
False
Is 34495 a prime number?
False
Is 2351 a prime number?
True
Is 751 a composite number?
False
Is 32854 composite?
True
Is 12893 prime?
True
Is 2722 a composite number?
True
Is 355 a prime number?
False
Is 16255 composite?
True
Is 230683 prime?
True
Is 359117 a prime number?
False
Is 36871 a composite number?
False
Is 7166 a composite number?
True
Is 46213 composite?
True
Is 289669 prime?
True
Is 14479 a prime number?
True
Is 53959 a composite number?
False
Is 40387 composite?
False
Is 33799 composite?
True
Is 685 a prime number?
False
Is 170741 a prime number?
True
Is 211 a prime number?
True
Is 22441 prime?
True
Is 310679 composite?
True
Is 5179 composite?
False
Is 60769 a prime number?
False
Is 99307 a composite number?
True
Is 325651 prime?
False
Is 24559 a composite number?
True
Is 393767 a prime number?
False
Is 29527 composite?
False
Is 2333 prime?
True
Is 348709 composite?
False
Is 9851 a composite number?
False
Is 13649 a prime number?
True
Is 20733 prime?
False
Is 280999 composite?
True
Is 31883 prime?
True
Is 5315 a prime number?
False
Is 3846867 composite?
True
Is 345817 prime?
True
Is 705293 a composite number?
False
Is 862289 a prime number?
True
Is 703293 a composite number?
True
Is 45737 a prime number?
True
Is 2517 a composite number?
True
Is 26629 prime?
False
Is 1669559 prime?
False
Is 9527 a composite number?
True
Is 4817 a prime number?
True
Is 1361 composite?
False
Is 84073 a composite number?
True
Is 474373 composite?
True
Is 7111 prime?
False
Is 365231 prime?
True
Is 2521 prime?
True
Is 84598 composite?
True
Is 5277 a composite number?
True
Is 19531 composite?
False
Is 281507 composite?
True
Is 73999 composite?
False
Is 21551 prime?
False
Is 293311 prime?
True
Is 21221 prime?
True
Is 52433 a prime number?
True
Is 304099 composite?
False
Is 426823 a composite number?
True
Is 40811 prime?
False
Is 833999 a prime number?
True
Is 1406905 a composite number?
True
Is 20179 a composite number?
True
Is 191 prime?
True
Is 452771 composite?
True
Is 7151 a composite number?
False
Is 339707 composite?
False
Is 988453 composite?
False
Is 14591 a composite number?
False
Is 7499 a composite number?
False
Is 866953 a composite number?
False
Is 36061 a prime number?
True
Is 118463 a composite number?
False
Is 31989 prime?
False
Is 66911 composite?
True
Is 514147 a composite number?
False
Is 1901803 a composite number?
False
Is 1115 a composite number?
True
Is 59107 prime?
True
Is 646679 composite?
True
Is 6733 a prime number?
True
Is 182923 prime?
False
Is 1354 a prime number?
False
Is 326863 prime?
True
Is 2293399 prime?
False
Is 3037 a composite number?
False
Is 1001549 prime?
True
Is 23249 prime?
False
Is 18254 composite?
True
Is 977965 a composite number?
True
Is 1012402 prime?
False
Is 15905 composite?
True
Is 7343 composite?
True
Is 152363 a prime number?
True
Is 2364991 composite?
False
Is 141983 prime?
False
Is 512977 prime?
True
Is 1536319 a composite number?
True
Is 503339 a prime number?
True
Is 10061 composite?
False
Is 55871 a composite number?
False
Is 40537 a composite number?
True
Is 1226 a prime number?
False
Is 4593 composite?
True
Is 11777 prime?
True
Is 233171 composite?
True
Is 503245 composite?
True
Is 8657 prime?
False
Is 26449 a prime number?
True
Is 1276691 a prime number?
False
Is 290201 a prime number?
True
Is 144017 prime?
False
Is 25097 a composite number?
False
Is 110807 prime?
True
Is 1993 composite?
False
Is 21039 composite?
True
Is 5519 prime?
True
Is 125977 composite?
True
Is 368669 composite?
True
Is 19583 prime?
True
Is 371 a prime number?
False
Is 985417 a prime number?
True
Is 22313 prime?
False
Is 122921 a prime number?
True
Is 18947 a prime number?
True
Is 14317 prime?
False
Is 188153 composite?
True
Is 3821 a composite number?
False
Is 69959 prime?
True
Is 12893 a composite number?
False
Is 35051 composite?
False
Is 27349 composite?
True
Is 183173 a composite number?
True
Is 2042773 a composite number?
True
Is 6947 composite?
False
Is 59587 a composite number?
True
Is 6065 a prime number?
False
Is 848461 a prime number?
True
Is 39209 composite?
False
Is 49703 a composite number?
True
Is 5557 a composite number?
False
Is 1195 a composite number?
True
Is 8743 a composite number?
True
Is 1527 prime?
False
Is 92623 composite?
False
Is 53819 prime?
True
Is 1660229 a composite number?
False
Is 65253 prime?
False
Is 17695 a composite number?
True
Is 286279 composite?
True
Is 587 prime?
True
Is 517957 composite?
True
Is 13817 a composite number?
True
Is 4234651 a prime number?
True
Is 958961 a composite number?
True
Is 82003 prime?
True
Is 911 composite?
False
Is 102665 prime?
False
Is 22759 prime?
False
Is 7849 a composite number?
True
Is 10381 a composite number?
True
Is 169523 a prime number?
True
Is 109073 a composite number?
False
Is 81713 a prime number?
False
Is 31829 composite?
True
Is 1023101 composite?
False
Is 507853 prime?
False
Is 32183 composite?
False
Is 133557 a prime number?
False
Is 10841 composite?
True
Is 35851 a prime number?
True
Is 26309 prime?
True
Is 2032403 a prime number?
True
Is 3541 a composite number?
False
Is 13235 composite?
True
Is 60683 prime?
False
Is 8609 a prime number?
True
Is 34211 a prime number?
True
Is 10969 prime?
False
Is 144331 composite?
True
Is 6761 composite?
False
Is 508619 a prime number?
True
Is 103 a composite number?
False
Is 25255 a prime number?
False
Is 7387 composite?
True
Is 23431 a prime number?
True
Is 45757 prime?
True
Is 466403 a composite number?
True
Is 487867 composite?
True
Is 409018 a prime number?
False
Is 8039 a prime number?
True
Is 42257 prime?
True
Is 40297 composite?
True
Is 30991 composite?
True
Is 159287 prime?
True
Is 320353 composite?
True
Is 167771 a prime number?
True
Is 40574 a prime numb